{"id":4195,"date":"2024-03-25T12:17:59","date_gmt":"2024-03-25T11:17:59","guid":{"rendered":"https:\/\/www.laminierfolien.de\/shop\/?post_type=product&#038;p=4195"},"modified":"2024-03-25T14:47:26","modified_gmt":"2024-03-25T13:47:26","slug":"laminiergeraet-bis-a4-fellowes-saturn-3i","status":"publish","type":"product","link":"https:\/\/www.laminierfolien.de\/shop\/produkt\/laminiergeraet-bis-a4-fellowes-saturn-3i\/","title":{"rendered":"Laminierger\u00e4t bis A4 &#8211; Fellowes Saturn 3i"},"content":{"rendered":"<p><strong>Das Fellowes Saturn 3i mit Auto-Shutt-Off und 100 % Staufrei-Funktion.<\/strong><\/p>\n<p><span data-mce-mark=\"1\">2-Rollen Laminierger\u00e4t f\u00fcr au\u00dferordentlich gute\u00a0Laminierergebnisse. Der integrierte Sleep Modus wird nach l\u00e4ngerem Nichtgebrauch automatisch aktiviert und reduziert den Energieverbrauch! Inkl. Start-Pack f\u00fcr 10 Dokumente.<br \/>\n<\/span><\/p>\n<p><span class=\"rchidesmall\">&#x2714;<\/span>\u00a0Aufheizzeit von einer Minute<br \/>\n<span class=\"rchidesmall\">&#x2714;<\/span>\u00a02 beheizte Rollen<br \/>\n<span class=\"rchidesmall\">&#x2714;<\/span>\u00a0Arbeitsgeschwindigkeit 300 mm \/ min<br \/>\n<span class=\"rchidesmall\">&#x2714;<\/span>\u00a0keine Einstellung f\u00fcr verschiedene Folienst\u00e4rken notwendig<br \/>\n<span class=\"rchidesmall\">&#x2714;<\/span>\u00a0Ausl\u00f6sehebel zur Entfernung schief eingelegter Folien<br \/>\n<span class=\"rchidesmall\">&#x2714;<\/span>\u00a0Sleep-Modus wird\u00a0bei Nicht-Gebrauch aktiviert und reduziert somit den Energieverbrauch<br \/>\n<span class=\"rchidesmall\">&#x2714;<\/span>\u00a0100 % Staufrei<\/p>\n<p>&nbsp;<\/p>\n<p><strong>Technische Daten:<\/strong><\/p>\n<table>\n<tbody>\n<tr>\n<td>max. Folienst\u00e4rke<\/td>\n<td>250 Mic (2 x 125)<\/td>\n<\/tr>\n<tr>\n<td>max. Folienbreite<\/td>\n<td>DIN A4<\/td>\n<\/tr>\n<tr>\n<td>Heizrollen-System<\/td>\n<td>2<\/td>\n<\/tr>\n<tr>\n<td>Temperatureinstellung<\/td>\n<td>keine Einstellung f\u00fcr verschiedene Folienst\u00e4rken notwendig<\/td>\n<\/tr>\n<tr>\n<td>Aufheizzeit<\/td>\n<td>1 Minute<\/td>\n<\/tr>\n<tr>\n<td>Arbeitsgeschwindigkeit<\/td>\n<td>300 mm\/ Min.<\/td>\n<\/tr>\n<tr>\n<td>Abmessungen (B x T x H)<\/td>\n<td>43,7 x 14,0 x 10,5 cm<\/td>\n<\/tr>\n<tr>\n<td>Gewicht<\/td>\n<td>1,20 kg<\/td>\n<\/tr>\n<tr>\n<td>Herstellergarantie<\/td>\n<td>2 Jahre<\/td>\n<\/tr>\n<tr>\n<td>Farbe<\/td>\n<td>silber \/ schwarz<\/td>\n<\/tr>\n<\/tbody>\n<\/table>\n","protected":false},"excerpt":{"rendered":"<p>Das Fellowes Saturn 3i mit Auto-Shutt-Off und 100 % Staufrei-Funktion. 2-Rollen Laminierger\u00e4t f\u00fcr au\u00dferordentlich gute\u00a0Laminierergebnisse. Der integrierte Sleep Modus wird nach l\u00e4ngerem Nichtgebrauch automatisch aktiviert und reduziert den Energieverbrauch! Inkl. Start-Pack f\u00fcr 10 Dokumente. &#x2714;\u00a0Aufheizzeit von einer Minute &#x2714;\u00a02 beheizte Rollen &#x2714;\u00a0Arbeitsgeschwindigkeit 300 mm \/ min &#x2714;\u00a0keine Einstellung f\u00fcr verschiedene Folienst\u00e4rken notwendig &#x2714;\u00a0Ausl\u00f6sehebel zur Entfernung [&hellip;]<\/p>\n","protected":false},"featured_media":4196,"comment_status":"closed","ping_status":"closed","template":"","meta":[],"product_brand":[],"product_cat":[318,239,314,223,240],"product_tag":[358,360,354],"class_list":{"0":"post-4195","1":"product","2":"type-product","3":"status-publish","4":"has-post-thumbnail","6":"product_cat-fellowes-nach-marken","7":"product_cat-din-a4-laminiergeraete","8":"product_cat-fellowes-din-a4-laminiergeraete","9":"product_cat-laminiergeraete","10":"product_cat-nach-marken","11":"product_tag-a4","12":"product_tag-fellowes","13":"product_tag-laminiergeraet","15":"first","16":"instock","17":"taxable","18":"shipping-taxable","19":"purchasable","20":"product-type-simple"},"acf":[],"tiered_pricing_type":"fixed","tiered_pricing_fixed_rules":[],"tiered_pricing_product_settings":{"layout":"default","base_unit_name":{"singular":null,"plural":null},"default_variation":null},"tiered_pricing_minimum_quantity":null,"tiered_pricing_roles_data":[],"tiered_pricing_percentage_rules":[],"_links":{"self":[{"href":"https:\/\/www.laminierfolien.de\/shop\/wp-json\/wp\/v2\/product\/4195","targetHints":{"allow":["GET"]}}],"collection":[{"href":"https:\/\/www.laminierfolien.de\/shop\/wp-json\/wp\/v2\/product"}],"about":[{"href":"https:\/\/www.laminierfolien.de\/shop\/wp-json\/wp\/v2\/types\/product"}],"replies":[{"embeddable":true,"href":"https:\/\/www.laminierfolien.de\/shop\/wp-json\/wp\/v2\/comments?post=4195"}],"wp:featuredmedia":[{"embeddable":true,"href":"https:\/\/www.laminierfolien.de\/shop\/wp-json\/wp\/v2\/media\/4196"}],"wp:attachment":[{"href":"https:\/\/www.laminierfolien.de\/shop\/wp-json\/wp\/v2\/media?parent=4195"}],"wp:term":[{"taxonomy":"product_brand","embeddable":true,"href":"https:\/\/www.laminierfolien.de\/shop\/wp-json\/wp\/v2\/product_brand?post=4195"},{"taxonomy":"product_cat","embeddable":true,"href":"https:\/\/www.laminierfolien.de\/shop\/wp-json\/wp\/v2\/product_cat?post=4195"},{"taxonomy":"product_tag","embeddable":true,"href":"https:\/\/www.laminierfolien.de\/shop\/wp-json\/wp\/v2\/product_tag?post=4195"}],"curies":[{"name":"wp","href":"https:\/\/api.w.org\/{rel}","templated":true}]}}