{"id":4099,"date":"2024-03-20T15:58:57","date_gmt":"2024-03-20T14:58:57","guid":{"rendered":"https:\/\/www.laminierfolien.de\/shop\/?post_type=product&#038;p=4099"},"modified":"2025-11-19T11:37:21","modified_gmt":"2025-11-19T10:37:21","slug":"krueger-einsteigerset-krueger-220-200-laminierfolien-a4-haribo-goldbaeren","status":"publish","type":"product","link":"https:\/\/www.laminierfolien.de\/shop\/produkt\/krueger-einsteigerset-krueger-220-200-laminierfolien-a4-haribo-goldbaeren\/","title":{"rendered":"Kr\u00fcger Einsteigerset &#8211; Kr\u00fcger 220 + 200 Laminierfolien A4 + Haribo Goldb\u00e4ren"},"content":{"rendered":"<div class=\"product--description\">\n<p>Unser &#8222;Kr\u00fcger 220&#8220; ist ideal f\u00fcr den Einsatz im Home-Office oder B\u00fcro mit geringem bis mittelgro\u00dfem Laminieraufkommen.<\/p>\n<p><span class=\"rchidesmall\">&#x2714;<\/span>\u00a0schnelle Aufheiz- und Durchlaufzeit<br \/>\n<span class=\"rchidesmall\">&#x2714;<\/span>\u00a0mit innovativer \u00d6ko-Technologie &#8211; senkt den Energieverbrauch<span class=\"rchidesmall\">\u00a0um mehr als 75 % gegen\u00fcber herk\u00f6mmlichen Laminierger\u00e4ten<br \/>\n&#x2714;\u00a0mit 2 Heizrollen-Technologie<br \/>\n&#x2714;\u00a0keine Wartezeit durch Anpassung der Temperatur beim Umschalten<br \/>\n&#x2714;\u00a0die PTC-Technologie reguliert die Energiezufuhr von 160 Mic (2 x 80) &#8211; 250 Mic (2 x 125) Laminiertaschen<\/span><br \/>\n<span class=\"rchidesmall\">&#x2714;<\/span>\u00a0ABS-Funktion zur manuellen Entnahme verklemmter Laminiertaschen<br \/>\n<span class=\"rchidesmall\">&#x2714;<\/span>\u00a0umweltfreundlich, keine Verwendung von Flammschutzmittel (z.B. Brom)<br \/>\n<span class=\"rchidesmall\">&#x2714;<\/span>\u00a0Backloader-Folienschub-Technologie erleichtert die Handhabung und verringert den Platzbedarf<br \/>\n<span class=\"rchidesmall\">&#x2714;<\/span>\u00a0benutzerfreundliche und sehr einfache Bedienung<\/p>\n<\/div>\n<p><strong>Dieses Set beinhaltet neben dem Laminierger\u00e4t Kr\u00fcger 220 ebenfalls folgende Folien:<br \/>\n<\/strong><\/p>\n<p>1 x\u00a0<span data-mce-mark=\"1\"><a title=\"Laminiertaschen DIN A4 - 250 Mic - klar\" href=\"https:\/\/www.laminierfolien.de\/shop\/produkt\/laminierfolien-din-a4-216-x-303-mm\/\">Laminiertaschen DIN A4 \/ 160 Mic (2 x 80) \/ klar<\/a><\/span>\u00a0(100 St\u00fcck)<br \/>\n1 x\u00a0<span data-mce-mark=\"1\"><a title=\"Laminiertaschen DIN A4 - 160 Mic - matt\" href=\"https:\/\/www.laminierfolien.de\/shop\/produkt\/laminierfolien-din-a4-216-x-303-mm\/\">Laminiertaschen DIN A4 \/ 160 Mic (2 x 80) \/ matt<\/a><\/span>\u00a0(100 St\u00fcck)<\/p>\n<p><strong>Zus\u00e4tzlich erhalten Sie:<\/strong><\/p>\n<p>&#8211;\u00a0<span data-mce-mark=\"1\">Ihr Kr\u00fcger &#8211; Einsteigerpaket versandkostenfrei<a title=\"Laminiertaschen DIN A4 - 160 Mic - klar\" href=\"https:\/\/www.laminierfolien.de\/shop\/produkt\/laminierfolien-din-a4-216-x-303-mm\/?attribute_pa_format=din-a4-matt&#038;attribute_pa_staerke=160-mic-2x80&#038;attribute_pa_oberflaeche=338&#038;attribute_pa_zusatz=din-a4-selbstklebend\" target=\"_self\" rel=\"noopener\"><br \/>\n<\/a><\/span>&#8211;\u00a0<span data-mce-mark=\"1\">eine T\u00fcte Haribo Goldb\u00e4ren 100 gr.<\/span><\/p>\n<p>&nbsp;<\/p>\n<p><strong>Technische Daten:<\/strong><\/p>\n<table>\n<tbody>\n<tr>\n<td>Ma\u00dfe (B x T x H)<\/td>\n<td>330 x 190 x 57 mm<\/td>\n<\/tr>\n<tr>\n<td>Gewicht<\/td>\n<td>0,83 kg<\/td>\n<\/tr>\n<tr>\n<td>Aufheizzeit<\/td>\n<td>1,5 &#8211; 2 Min.<\/td>\n<\/tr>\n<tr>\n<td>Laminierbreite<\/td>\n<td>240 mm (A4)<\/td>\n<\/tr>\n<tr>\n<td>Laminiergeschwindigkeit<\/td>\n<td>400 mm \/ Min.<\/td>\n<\/tr>\n<tr>\n<td>Folienst\u00e4rke<\/td>\n<td>60 &#8211; 125mic<\/td>\n<\/tr>\n<tr>\n<td>\u00a0Arbeitstemperatur<\/td>\n<td>0 &#8211; 110 <span class=\"_Tgc\">\u00b0<\/span>\u00a0C<\/td>\n<\/tr>\n<tr>\n<td>\u00a0Leistungsaufnahme<\/td>\n<td>60 Watt (600 Watt w\u00e4hrend der 1. Minute)<\/td>\n<\/tr>\n<\/tbody>\n<\/table>\n","protected":false},"excerpt":{"rendered":"<p>Unser &#8222;Kr\u00fcger 220&#8220; ist ideal f\u00fcr den Einsatz im Home-Office oder B\u00fcro mit geringem bis mittelgro\u00dfem Laminieraufkommen. &#x2714;\u00a0schnelle Aufheiz- und Durchlaufzeit &#x2714;\u00a0mit innovativer \u00d6ko-Technologie &#8211; senkt den Energieverbrauch\u00a0um mehr als 75 % gegen\u00fcber herk\u00f6mmlichen Laminierger\u00e4ten &#x2714;\u00a0mit 2 Heizrollen-Technologie &#x2714;\u00a0keine Wartezeit durch Anpassung der Temperatur beim Umschalten &#x2714;\u00a0die PTC-Technologie reguliert die Energiezufuhr von 160 Mic (2 [&hellip;]<\/p>\n","protected":false},"featured_media":4100,"comment_status":"closed","ping_status":"closed","template":"","meta":[],"product_brand":[],"product_cat":[315,239,319,223,240],"product_tag":[358,355,354],"class_list":{"0":"post-4099","1":"product","2":"type-product","3":"status-publish","4":"has-post-thumbnail","6":"product_cat-krueger-nach-marken","7":"product_cat-din-a4-laminiergeraete","8":"product_cat-krueger-din-a4-laminiergeraete","9":"product_cat-laminiergeraete","10":"product_cat-nach-marken","11":"product_tag-a4","12":"product_tag-krueger","13":"product_tag-laminiergeraet","15":"first","16":"instock","17":"sale","18":"taxable","19":"shipping-taxable","20":"purchasable","21":"product-type-simple"},"acf":[],"tiered_pricing_type":"fixed","tiered_pricing_fixed_rules":[],"tiered_pricing_product_settings":{"layout":"default","base_unit_name":{"singular":null,"plural":null},"default_variation":null},"tiered_pricing_minimum_quantity":null,"tiered_pricing_roles_data":[],"tiered_pricing_percentage_rules":[],"_links":{"self":[{"href":"https:\/\/www.laminierfolien.de\/shop\/wp-json\/wp\/v2\/product\/4099","targetHints":{"allow":["GET"]}}],"collection":[{"href":"https:\/\/www.laminierfolien.de\/shop\/wp-json\/wp\/v2\/product"}],"about":[{"href":"https:\/\/www.laminierfolien.de\/shop\/wp-json\/wp\/v2\/types\/product"}],"replies":[{"embeddable":true,"href":"https:\/\/www.laminierfolien.de\/shop\/wp-json\/wp\/v2\/comments?post=4099"}],"wp:featuredmedia":[{"embeddable":true,"href":"https:\/\/www.laminierfolien.de\/shop\/wp-json\/wp\/v2\/media\/4100"}],"wp:attachment":[{"href":"https:\/\/www.laminierfolien.de\/shop\/wp-json\/wp\/v2\/media?parent=4099"}],"wp:term":[{"taxonomy":"product_brand","embeddable":true,"href":"https:\/\/www.laminierfolien.de\/shop\/wp-json\/wp\/v2\/product_brand?post=4099"},{"taxonomy":"product_cat","embeddable":true,"href":"https:\/\/www.laminierfolien.de\/shop\/wp-json\/wp\/v2\/product_cat?post=4099"},{"taxonomy":"product_tag","embeddable":true,"href":"https:\/\/www.laminierfolien.de\/shop\/wp-json\/wp\/v2\/product_tag?post=4099"}],"curies":[{"name":"wp","href":"https:\/\/api.w.org\/{rel}","templated":true}]}}