{"id":4070,"date":"2024-03-20T15:25:13","date_gmt":"2024-03-20T14:25:13","guid":{"rendered":"https:\/\/www.laminierfolien.de\/shop\/?post_type=product&#038;p=4070"},"modified":"2024-03-25T16:22:25","modified_gmt":"2024-03-25T15:22:25","slug":"laminiergeraet-bis-a3-krueger-lm-330","status":"publish","type":"product","link":"https:\/\/www.laminierfolien.de\/shop\/produkt\/laminiergeraet-bis-a3-krueger-lm-330\/","title":{"rendered":"Laminierger\u00e4t bis A3 &#8211; Kr\u00fcger LM 330"},"content":{"rendered":"<p><strong>Produktbeschreibung<\/strong><\/p>\n<div class=\"tab--container-list\">\n<div class=\"tab--container has--content is--active\">\n<div class=\"tab--content\">\n<div class=\"content--description\">\n<div class=\"content--title\">++Der robuste &#8222;Ganzmetaller&#8220; f\u00fcr mittlere Mengen bis \u00dcbergr\u00f6\u00dfe DIN A3.<\/div>\n<div class=\"product--description\">\n<p>Unser LM330 besticht durch eine \u00e4u\u00dferst einfache Bedienung und absolut hochwertige, blasenfreie Laminierungen. Durch das Metallgeh\u00e4use ist dieser Taschenlaminator ideal f\u00fcr die Industrie, den Handel oder auch den B\u00fcroalltag. Aufgrund der frei regelbaren Temperatur (auch Kaltlaminierung) sind individuelle Laminate eine Selbstverst\u00e4ndlichkeit. Nat\u00fcrlich verf\u00fcgt dieses Ger\u00e4t \u00fcber einen Reverseknopf (R\u00fcckw\u00e4rtslauf), wodurch Sie falsch eingelegte oder eingezogene Folie m\u00fchelos entfernen k\u00f6nnen.<\/p>\n<p>&#x2714; Abmessungen des Laminierger\u00e4ts: 500 x 200 x 115 mm<br \/>\n&#x2714; Leistungsaufnahme: 650 Watt \/ 240 V \/ 50 Hz<br \/>\n&#x2714; Laminierbreite 330 mm<br \/>\n&#x2714; Laminiergeschwindigkeit ca. 650 mm \/ Min. bis 250 Mic (2 x 125)<br \/>\n&#x2714; 4 Walzen (davon 2 beheizt)<br \/>\n&#x2714; Temperatur: 100 &#8211; 160\u00b0 C + Kaltlaminierstufe<br \/>\n&#x2714; ca. 5 Minuten Vorheizzeit<br \/>\n&#x2714; analoges Display<br \/>\n&#x2714; inkl. Bereitschaftsanzeige<\/p>\n<\/div>\n<\/div>\n<\/div>\n<\/div>\n<\/div>\n","protected":false},"excerpt":{"rendered":"<p>Produktbeschreibung ++Der robuste &#8222;Ganzmetaller&#8220; f\u00fcr mittlere Mengen bis \u00dcbergr\u00f6\u00dfe DIN A3. Unser LM330 besticht durch eine \u00e4u\u00dferst einfache Bedienung und absolut hochwertige, blasenfreie Laminierungen. Durch das Metallgeh\u00e4use ist dieser Taschenlaminator ideal f\u00fcr die Industrie, den Handel oder auch den B\u00fcroalltag. Aufgrund der frei regelbaren Temperatur (auch Kaltlaminierung) sind individuelle Laminate eine Selbstverst\u00e4ndlichkeit. Nat\u00fcrlich verf\u00fcgt dieses [&hellip;]<\/p>\n","protected":false},"featured_media":4071,"comment_status":"closed","ping_status":"closed","template":"","meta":[],"product_brand":[],"product_cat":[315,238,307,223,240],"product_tag":[357,355,354],"class_list":{"0":"post-4070","1":"product","2":"type-product","3":"status-publish","4":"has-post-thumbnail","6":"product_cat-krueger-nach-marken","7":"product_cat-din-a3-laminiergeraete","8":"product_cat-krueger","9":"product_cat-laminiergeraete","10":"product_cat-nach-marken","11":"product_tag-a3","12":"product_tag-krueger","13":"product_tag-laminiergeraet","15":"first","16":"instock","17":"taxable","18":"shipping-taxable","19":"purchasable","20":"product-type-simple"},"acf":[],"tiered_pricing_type":"fixed","tiered_pricing_fixed_rules":[],"tiered_pricing_product_settings":{"layout":"default","base_unit_name":{"singular":null,"plural":null},"default_variation":null},"tiered_pricing_minimum_quantity":null,"tiered_pricing_roles_data":[],"tiered_pricing_percentage_rules":[],"_links":{"self":[{"href":"https:\/\/www.laminierfolien.de\/shop\/wp-json\/wp\/v2\/product\/4070","targetHints":{"allow":["GET"]}}],"collection":[{"href":"https:\/\/www.laminierfolien.de\/shop\/wp-json\/wp\/v2\/product"}],"about":[{"href":"https:\/\/www.laminierfolien.de\/shop\/wp-json\/wp\/v2\/types\/product"}],"replies":[{"embeddable":true,"href":"https:\/\/www.laminierfolien.de\/shop\/wp-json\/wp\/v2\/comments?post=4070"}],"wp:featuredmedia":[{"embeddable":true,"href":"https:\/\/www.laminierfolien.de\/shop\/wp-json\/wp\/v2\/media\/4071"}],"wp:attachment":[{"href":"https:\/\/www.laminierfolien.de\/shop\/wp-json\/wp\/v2\/media?parent=4070"}],"wp:term":[{"taxonomy":"product_brand","embeddable":true,"href":"https:\/\/www.laminierfolien.de\/shop\/wp-json\/wp\/v2\/product_brand?post=4070"},{"taxonomy":"product_cat","embeddable":true,"href":"https:\/\/www.laminierfolien.de\/shop\/wp-json\/wp\/v2\/product_cat?post=4070"},{"taxonomy":"product_tag","embeddable":true,"href":"https:\/\/www.laminierfolien.de\/shop\/wp-json\/wp\/v2\/product_tag?post=4070"}],"curies":[{"name":"wp","href":"https:\/\/api.w.org\/{rel}","templated":true}]}}