{"id":4054,"date":"2024-03-20T14:50:37","date_gmt":"2024-03-20T13:50:37","guid":{"rendered":"https:\/\/www.laminierfolien.de\/shop\/?post_type=product&#038;p=4054"},"modified":"2024-03-25T16:15:19","modified_gmt":"2024-03-25T15:15:19","slug":"laminiergeraet-bis-a3-krueger-340","status":"publish","type":"product","link":"https:\/\/www.laminierfolien.de\/shop\/produkt\/laminiergeraet-bis-a3-krueger-340\/","title":{"rendered":"Laminierger\u00e4t bis A3 &#8211; Kr\u00fcger 340"},"content":{"rendered":"<p>Wir haben f\u00fcr Sie ein herausragendes Laminierger\u00e4t entwickelt, das Ihren W\u00fcnschen und Anforderungen nach einem \u00e4u\u00dferst hohem Bedienkomfort und einfacher Handhabung nicht nur gerecht wird, sondern diese sogar \u00fcbertrifft. Das Kr\u00fcger Gepard laminiert, seiner Benamung entsprechend, extrem schnell und sorgt somit bei Anwendern f\u00fcr h\u00f6chste Zufriedenheit. Das Laminierger\u00e4t &#8222;Kr\u00fcger Gepard&#8220; ist innerhalb von 90 Sekunden startklar und laminiert bis zu 64 Folien in weniger als einer Stunde.<\/p>\n<p>Unser &#8222;Gepard&#8220; ist mit vier hochqualitativen Heizrollen ausgestattet und laminiert aufgrund seines breiten Einschubfachs Formate bis DIN A3 ohne Qualit\u00e4tsverlust rasend schnell und m\u00fchelos. Selbstverst\u00e4ndlich haben Sie bei diesem Ger\u00e4t nicht nur die M\u00f6glichkeit, Folien in 160 Mic (2 x 80) zu laminieren, sondern Sie k\u00f6nnen sogar Folien bis 500 Mic (2 x 250) laminieren. Ihrem Laminierabenteuer steht mit unserem Kr\u00fcger Gepard also nichts mehr im Wege- \u00fcberzeugen Sie sich selbst.<\/p>\n<p>Grunds\u00e4tzlich empfehlen wir das &#8222;Gepard&#8220; f\u00fcr das Home-Office oder B\u00fcros mit geringem bis mittelgro\u00dfem Laminieraufkommen.<\/p>\n<p><strong>Kurz\u00fcberblick:<\/strong><br \/>\n<span class=\"rchidesmall\">&#x2714;<\/span>\u00a0schnelle Aufheiz- und Durchlaufzeit<br \/>\n<span class=\"rchidesmall\">&#x2714;<\/span>\u00a0f\u00fcr Folienst\u00e4rken von 160 Mic (2 x 80) &#8211; 500 Mic (2 x 250)<br \/>\n<span class=\"rchidesmall\">&#x2714;<\/span>\u00a0Kaltlamination m\u00f6glich<br \/>\n<span class=\"rchidesmall\">&#x2714;<\/span>\u00a0benutzerfreundlich, dank einfacher Bedienung<br \/>\n<span class=\"rchidesmall\">&#x2714;<\/span>\u00a0Autoreverse-Funktion<br \/>\n<span class=\"rchidesmall\">&#x2714;<\/span>\u00a0\u00dcberhitzungsschutz<\/p>\n<p>&nbsp;<\/p>\n<p><strong>Technische Daten:<\/strong><\/p>\n<table>\n<tbody>\n<tr>\n<td>Ma\u00dfe (B x T x H)<\/td>\n<td>49,4 x 15,0 x 6,5 cm<\/td>\n<\/tr>\n<tr>\n<td>Gewicht<\/td>\n<td>3,6 kg<\/td>\n<\/tr>\n<tr>\n<td>Aufheizzeit bei Raumtemperatur<\/td>\n<td>1,5 Min. (f\u00fcr 160 Mic)<\/td>\n<\/tr>\n<tr>\n<td>Laminierbreite<\/td>\n<td>330 mm (A3)<\/td>\n<\/tr>\n<tr>\n<td>Laminiergeschwindigkeit (80 -125 Mic)<\/td>\n<td>300 mm \/ Min.<\/td>\n<\/tr>\n<tr>\n<td>Laminiergeschwindigkeit (175 -250 Mic)<\/td>\n<td>330 mm\/ Min.<\/td>\n<\/tr>\n<tr>\n<td>Folienst\u00e4rke<\/td>\n<td>80 &#8211; 250 Mic<\/td>\n<\/tr>\n<tr>\n<td>Heizrollen<\/td>\n<td>\u00a04<\/td>\n<\/tr>\n<\/tbody>\n<\/table>\n","protected":false},"excerpt":{"rendered":"<p>Wir haben f\u00fcr Sie ein herausragendes Laminierger\u00e4t entwickelt, das Ihren W\u00fcnschen und Anforderungen nach einem \u00e4u\u00dferst hohem Bedienkomfort und einfacher Handhabung nicht nur gerecht wird, sondern diese sogar \u00fcbertrifft. Das Kr\u00fcger Gepard laminiert, seiner Benamung entsprechend, extrem schnell und sorgt somit bei Anwendern f\u00fcr h\u00f6chste Zufriedenheit. Das Laminierger\u00e4t &#8222;Kr\u00fcger Gepard&#8220; ist innerhalb von 90 Sekunden [&hellip;]<\/p>\n","protected":false},"featured_media":4055,"comment_status":"closed","ping_status":"closed","template":"","meta":[],"product_brand":[],"product_cat":[315,321,238,307,223,325,241,240,15],"product_tag":[357,355,354],"class_list":{"0":"post-4054","1":"product","2":"type-product","3":"status-publish","4":"has-post-thumbnail","6":"product_cat-krueger-nach-marken","7":"product_cat-buero-betrieb-schule","8":"product_cat-din-a3-laminiergeraete","9":"product_cat-krueger","10":"product_cat-laminiergeraete","11":"product_cat-maximale-folienstaerke","12":"product_cat-nach-anwendung","13":"product_cat-nach-marken","14":"product_cat-unkategorisiert","15":"product_tag-a3","16":"product_tag-krueger","17":"product_tag-laminiergeraet","19":"first","20":"instock","21":"taxable","22":"shipping-taxable","23":"purchasable","24":"product-type-simple"},"acf":[],"tiered_pricing_type":"fixed","tiered_pricing_fixed_rules":[],"tiered_pricing_product_settings":{"layout":"default","base_unit_name":{"singular":null,"plural":null},"default_variation":null},"tiered_pricing_minimum_quantity":null,"tiered_pricing_roles_data":[],"tiered_pricing_percentage_rules":[],"_links":{"self":[{"href":"https:\/\/www.laminierfolien.de\/shop\/wp-json\/wp\/v2\/product\/4054","targetHints":{"allow":["GET"]}}],"collection":[{"href":"https:\/\/www.laminierfolien.de\/shop\/wp-json\/wp\/v2\/product"}],"about":[{"href":"https:\/\/www.laminierfolien.de\/shop\/wp-json\/wp\/v2\/types\/product"}],"replies":[{"embeddable":true,"href":"https:\/\/www.laminierfolien.de\/shop\/wp-json\/wp\/v2\/comments?post=4054"}],"wp:featuredmedia":[{"embeddable":true,"href":"https:\/\/www.laminierfolien.de\/shop\/wp-json\/wp\/v2\/media\/4055"}],"wp:attachment":[{"href":"https:\/\/www.laminierfolien.de\/shop\/wp-json\/wp\/v2\/media?parent=4054"}],"wp:term":[{"taxonomy":"product_brand","embeddable":true,"href":"https:\/\/www.laminierfolien.de\/shop\/wp-json\/wp\/v2\/product_brand?post=4054"},{"taxonomy":"product_cat","embeddable":true,"href":"https:\/\/www.laminierfolien.de\/shop\/wp-json\/wp\/v2\/product_cat?post=4054"},{"taxonomy":"product_tag","embeddable":true,"href":"https:\/\/www.laminierfolien.de\/shop\/wp-json\/wp\/v2\/product_tag?post=4054"}],"curies":[{"name":"wp","href":"https:\/\/api.w.org\/{rel}","templated":true}]}}