{"id":856,"date":"2026-03-28T19:16:12","date_gmt":"2026-03-28T19:16:12","guid":{"rendered":"http:\/\/wp-dev1.srv-webdev-01\/widerrufsbelehrung\/"},"modified":"2026-03-28T20:16:12","modified_gmt":"2026-03-28T19:16:12","slug":"widerrufsbelehrung","status":"publish","type":"page","link":"https:\/\/www.laminierfolien.de\/shop\/widerrufsbelehrung\/","title":{"rendered":"Widerrufsbelehrung"},"content":{"rendered":"<div  class=\"agb_content agb_revocation  notranslate\"><div><h2>A. Widerrufsbelehrung<\/h2>\n\n<h3>Einleitung<\/h3>\n\n<p>Verbrauchern steht ein Widerrufsrecht nach folgender Ma&szlig;gabe zu, wobei Verbraucher jede nat&uuml;rliche Person ist, die ein Rechtsgesch&auml;ft zu Zwecken abschlie&szlig;t, die &uuml;berwiegend weder ihrer gewerblichen noch ihrer selbst&auml;ndigen beruflichen T&auml;tigkeit zugerechnet werden k&ouml;nnen:<\/p>\n\n<h3>Widerrufsrecht<\/h3>\n\n<p>Sie haben das Recht, binnen 30 Tagen ohne Angabe von Gr&uuml;nden diesen Vertrag zu widerrufen.<\/p>\n\n<p>Die Widerrufsfrist betr&auml;gt 30 Tage ab dem Tag, an dem Sie oder ein von Ihnen benannter Dritter, der nicht der Bef&ouml;rderer ist, die letzte Ware in Besitz genommen haben bzw. hat.<\/p>\n\n<p>Um Ihr Widerrufsrecht auszu&uuml;ben, m&uuml;ssen Sie uns (S2 Laminiertechnik GmbH, Tomphecke 34, 41169 M&ouml;nchengladbach, Deutschland, Tel.: 0216155441, E-Mail: a.voss@s2-laminiertechnik.de) mittels einer eindeutigen Erkl&auml;rung (z. B. ein mit der Post versandter Brief oder E-Mail) &uuml;ber Ihren Entschluss, diesen Vertrag zu widerrufen, informieren. Sie k&ouml;nnen daf&uuml;r das beigef&uuml;gte Muster-Widerrufsformular verwenden, das jedoch nicht vorgeschrieben ist.<\/p>\n\n<p>Zur Wahrung der Widerrufsfrist reicht es aus, dass Sie die Mitteilung &uuml;ber die Aus&uuml;bung des Widerrufsrechts vor Ablauf der Widerrufsfrist absenden.<\/p>\n\n<h3>Folgen des Widerrufs<\/h3>\n\n<p>Wenn Sie diesen Vertrag widerrufen, haben wir Ihnen alle Zahlungen, die wir von Ihnen erhalten haben, einschlie&szlig;lich der Lieferkosten (mit Ausnahme der zus&auml;tzlichen Kosten, die sich daraus ergeben, dass Sie eine andere Art der Lieferung als die von uns angebotene, g&uuml;nstigste Standardlieferung gew&auml;hlt haben), unverz&uuml;glich und sp&auml;testens binnen vierzehn Tagen ab dem Tag zur&uuml;ckzuzahlen, an dem die Mitteilung &uuml;ber Ihren Widerruf dieses Vertrags bei uns eingegangen ist. F&uuml;r diese R&uuml;ckzahlung verwenden wir dasselbe Zahlungsmittel, das Sie bei der urspr&uuml;nglichen Transaktion eingesetzt haben, es sei denn, mit Ihnen wurde ausdr&uuml;cklich etwas anderes vereinbart; in keinem Fall werden Ihnen wegen dieser R&uuml;ckzahlung Entgelte berechnet. Wir k&ouml;nnen die R&uuml;ckzahlung verweigern, bis wir die Waren wieder zur&uuml;ckerhalten haben oder bis Sie den Nachweis erbracht haben, dass Sie die Waren zur&uuml;ckgesandt haben, je nachdem, welches der fr&uuml;here Zeitpunkt ist.<\/p>\n\n<p>Sie haben die Waren unverz&uuml;glich und in jedem Fall sp&auml;testens binnen vierzehn Tagen ab dem Tag, an dem Sie uns &uuml;ber den Widerruf dieses Vertrags unterrichten, an uns zur&uuml;ckzusenden oder zu &uuml;bergeben. Die Frist ist gewahrt, wenn Sie die Waren vor Ablauf der Frist von vierzehn Tagen absenden.<\/p>\n\n<p>Sie tragen die unmittelbaren Kosten der R&uuml;cksendung der Waren. Die unmittelbaren Kosten der R&uuml;cksendung werden hinsichtlich solcher Waren, die aufgrund ihrer Beschaffenheit nicht normal mit der Post an uns zur&uuml;ckgesandt werden k&ouml;nnen (Speditionsware), f&uuml;r jede derartige Ware auf h&ouml;chstens etwa 70 Euro gesch&auml;tzt.<\/p>\n\n<p>Sie m&uuml;ssen f&uuml;r einen etwaigen Wertverlust der Waren nur aufkommen, wenn dieser Wertverlust auf einen zur Pr&uuml;fung der Beschaffenheit, Eigenschaften und Funktionsweise der Waren nicht notwendigen Umgang mit ihnen zur&uuml;ckzuf&uuml;hren ist.<\/p>\n\n<h3>Ausschluss bzw. vorzeitiges Erl&ouml;schen des Widerrufsrechts<\/h3>\n\n<p>Das Widerrufsrecht besteht nicht bei Vertr&auml;gen zur Lieferung von Waren, die nicht vorgefertigt sind und f&uuml;r deren Herstellung eine individuelle Auswahl oder Bestimmung durch den Verbraucher ma&szlig;geblich ist oder die eindeutig auf die pers&ouml;nlichen Bed&uuml;rfnisse des Verbrauchers zugeschnitten sind.<\/p>\n\n<p>Das Widerrufsrecht gilt nicht f&uuml;r Verbraucher, die zum Zeitpunkt des Vertragsschlusses keinem Mitgliedstaat der Europ&auml;ischen Union angeh&ouml;ren und deren alleiniger Wohnsitz und Lieferadresse zum Zeitpunkt des Vertragsschlusses au&szlig;erhalb der Europ&auml;ischen Union liegen.<\/p>\n\n<h3>Verbundene\/finanzierte Gesch&auml;fte<\/h3>\n\n<p>Wenn Sie diesen Vertrag durch ein Darlehen finanzieren und ihn sp&auml;ter widerrufen, sind Sie auch an den Darlehensvertrag nicht mehr gebunden, sofern beide Vertr&auml;ge eine wirtschaftliche Einheit bilden. Dies ist insbesondere dann anzunehmen, wenn wir gleichzeitig Ihr Darlehensgeber sind oder wenn sich Ihr Darlehensgeber im Hinblick auf die Finanzierung unserer Mitwirkung bedient. Wenn uns das Darlehen bei Wirksamwerden des Widerrufs oder bei der R&uuml;ckgabe der Ware bereits zugeflossen ist, tritt Ihr Darlehensgeber im Verh&auml;ltnis zu Ihnen hinsichtlich der Rechtsfolgen des Widerrufs oder der R&uuml;ckgabe in unsere Rechte und Pflichten aus dem finanzierten Vertrag ein. Letzteres gilt nicht, wenn der vorliegende Vertrag den Erwerb von Finanzinstrumenten (z.B. von Wertpapieren, Devisen oder Derivaten) zum Gegenstand hat. Wollen Sie eine vertragliche Bindung so weitgehend wie m&ouml;glich vermeiden, machen Sie von Ihrem Widerrufsrecht Gebrauch und widerrufen Sie zudem den Darlehensvertrag, wenn Ihnen auch daf&uuml;r ein Widerrufsrecht zusteht.<\/p>\n\n<h3>Allgemeine Hinweise<\/h3>\n\n<p>1) Bitte vermeiden Sie Besch&auml;digungen und Verunreinigungen der Ware. Senden Sie die Ware bitte in Originalverpackung mit s&auml;mtlichem Zubeh&ouml;r und mit allen Verpackungsbestandteilen an uns zur&uuml;ck. Verwenden Sie ggf. eine sch&uuml;tzende Umverpackung. Wenn Sie die Originalverpackung nicht mehr besitzen, sorgen Sie bitte mit einer geeigneten Verpackung f&uuml;r einen ausreichenden Schutz vor Transportsch&auml;den.<br \/>\n2) Senden Sie die Ware bitte nicht unfrei an uns zur&uuml;ck.<br \/>\n3) Bitte beachten Sie, dass die vorgenannten Ziffern 1-2 nicht Voraussetzung f&uuml;r die wirksame Aus&uuml;bung des Widerrufsrechts sind.<\/p>\n\n<h2>B. Widerrufsformular<\/h2>\n\n<p>Wenn Sie den Vertrag widerrufen wollen, dann f&uuml;llen Sie bitte dieses Formular aus und senden es zur&uuml;ck.<\/p>\n\n<p>An<\/p>\n\n<p>S2 Laminiertechnik GmbH<br \/>\nTomphecke 34<br \/>\n41169 M&ouml;nchengladbach<br \/>\nDeutschland<\/p>\n\n<p>E-Mail: a.voss@s2-laminiertechnik.de<\/p>\n\n<p>Hiermit widerrufe(n) ich\/wir (*) den von mir\/uns (*) abgeschlossenen Vertrag &uuml;ber den Kauf der folgenden Waren (*) \/ die Erbringung der folgenden Dienstleistung (*)<\/p>\n\n<p>_______________________________________________________<\/p>\n\n<p>_______________________________________________________<\/p>\n\n<p>Bestellt am (*) ____________ \/ erhalten am (*) __________________<\/p>\n\n<p>________________________________________________________<br \/>\nName des\/der Verbraucher(s)<\/p>\n\n<p>________________________________________________________<br \/>\nAnschrift des\/der Verbraucher(s)<\/p>\n\n<p>________________________________________________________<br \/>\nUnterschrift des\/der Verbraucher(s) (nur bei Mitteilung auf Papier)<\/p>\n\n<p>_________________________<br \/>\nDatum<\/p>\n\n<p>(*) Unzutreffendes streichen<\/p><\/div><div id=\"itkanzlei_txt_copyright\" style=\"font-size: 12px; margin-top: 8em;\"><div style=\"display: inline-block; vertical-align: top;\"><a href=\"https:\/\/www.it-recht-kanzlei.de\/\" target=\"_blank\"><img decoding=\"async\" src=\"https:\/\/www.it-recht-kanzlei.de\/logo\/Copyright-Logo_Widerrufsbelehrung.png?i=3625d-1c9df-39c9-907f-1\" id=\"itkanzlei_img_copyright\" alt=\"&copy; IT-Recht Kanzlei\" title=\"&copy; IT-Recht Kanzlei\" style=\"margin-top: -20px; border-style: none; max-width: 100%;\" \/><\/a><\/div><div style=\"display: inline-block; vertical-align: top; margin-left: 5px; float: right; white-space: nowrap;\">Stand: 28.03.2026, 20:16:10<\/div><div style=\"clear: right;\"><\/div><\/div><\/div>\n    \n        \n    \n    \n    \n    <div class=\" et-inhalt-50-50 bg-light space\">\n        <div class=\"row   default-stretch \">\n\n            <h1 class=\"col align-left\">Widerrufsbelehrung und Widerrufsformular  <span class=\"subline\">f\u00fcr Verbraucher<\/span><\/h1>            \n                            <div class=\"col large-6 \">\n                                            <p>&#8222;Verbraucher&#8220; im Sinne dieser Widerrufsbelehrung ist jede nat\u00fcrliche Person, die ein Rechtsgesch\u00e4ft zu Zwecken abschlie\u00dft, der \u00fcberwiegend weder ihrer gewerblichen noch ihrer selbstst\u00e4ndigen beruflichen T\u00e4tigkeit zugerechnet werden k\u00f6nnen.<\/p><h4>Widerrufsrecht<\/h4><p>Sie haben das Recht, binnen 14 Tagen ohne Angabe von Gr\u00fcnden diesen Vertrag zu widerrufen.<\/p><p>Die Widerrufsfrist betr\u00e4gt 14 Tage ab dem Tag, an dem Sie oder ein von Ihnen benannter Dritter, der nicht der Bef\u00f6rderer ist, die letzte Ware in Besitz genommen haben bzw. hat.<\/p><p>Um Ihr Widerrufsrecht auszu\u00fcben, m\u00fcssen Sie uns (S2 Laminiertechnik GmbH, E-Mail-Adresse: <a href=\"https:\/\/www.laminierfolien.de\/shop\" class=\" escape email\" title=\"E-Mail senden an S2 Laminiertechnik GmbH in 41169 M\u00f6nchengladbach\" data-email='{\"name\":\"kundenservice\",\"host\":\"laminierfolien.de\"}'>kundenservice<span class=\"escape\">&part;<\/span>laminierfolien.de<\/a>, Telefonnummer: <a href=\"tel:00492161566163\" class=\" phone\" title=\"S2 Laminiertechnik GmbH anrufen in 41169 M\u00f6nchengladbach\">+49 (0) 2161 - 566 163<\/a>) mittels einer eindeutigen Erkl\u00e4rung (z.B. ein mit der Post versandter Brief oder eine E-Mail) \u00fcber Ihren Entschluss, diesen Vertrag zu widerrufen, informieren. Sie k\u00f6nnen daf\u00fcr das beigef\u00fcgte Muster-Widerrufsformular verwenden, das jedoch nicht vorgeschrieben ist.<\/p><p>Zur Wahrung der Widerrufsfrist reicht es aus, dass Sie die Mitteilung \u00fcber die Aus\u00fcbung des Widerrufsrechts vor Ablauf der Widerrufsfrist absenden.<\/p><h4>Folgen des Widerrufs<\/h4><p>Wenn Sie diesen Vertrag widerrufen, haben wir Ihnen alle Zahlungen, die wir von Ihnen erhalten haben, einschlie\u00dflich der Lieferkosten (mit Ausnahme der zus\u00e4tzlichen Kosten, die sich daraus ergeben, dass Sie eine andere Art der Lieferung als die von uns angebotene, g\u00fcnstigste Standardlieferung gew\u00e4hlt haben), unverz\u00fcglich und sp\u00e4testens binnen vierzehn Tagen ab dem Tag zur\u00fcckzuzahlen, an dem die Mitteilung \u00fcber Ihren Widerruf dieses Vertrags bei uns eingegangen ist. F\u00fcr diese R\u00fcckzahlung verwenden wir dasselbe Zahlungsmittel, das Sie bei der urspr\u00fcnglichen Transaktion eingesetzt haben, es sei denn, mit Ihnen wurde ausdr\u00fccklich etwas anderes vereinbart; in keinem Fall werden Ihnen wegen dieser R\u00fcckzahlung Entgelte berechnet. Wir k\u00f6nnen die R\u00fcckzahlung verweigern, bis wir die Waren wieder zur\u00fcckerhalten haben oder bis Sie den Nachweis erbracht haben, dass Sie die Waren zur\u00fcckgesandt haben, je nachdem, welches der fr\u00fchere Zeitpunkt ist.<\/p><p>Sie haben die Waren unverz\u00fcglich und in jedem Fall sp\u00e4testens binnen vierzehn Tagen ab dem Tag, an dem Sie uns \u00fcber den Widerruf dieses Vertrags unterrichten, an uns zur\u00fcckzusenden oder zu \u00fcbergeben. Die Frist ist gewahrt, wenn Sie die Waren vor Ablauf der Frist von vierzehn Tagen absenden.<\/p><p>Sie tragen die unmittelbaren Kosten der R\u00fccksendung der Waren.<\/p><p>Sie m\u00fcssen f\u00fcr einen etwaigen Wertverlust der Waren nur aufkommen, wenn dieser Wertverlust auf einen zur Pr\u00fcfung der Beschaffenheit, Eigenschaften und Funktionsweise der Waren nicht notwendigen Umgang mit ihnen zur\u00fcckzuf\u00fchren ist.<\/p>\n                                                                                                                        \n                                                            <\/div>\n                                        <div class=\"col large-6 \">\n                                            <h5>Muster-Widerrufsformular<\/h5><p>(Wenn Sie den Vertrag widerrufen wollen, dann f\u00fcllen Sie bitte dieses Formular aus und senden Sie es zur\u00fcck.)<\/p><p><strong>An<\/strong><\/p><p>S2 Laminiertechnik GmbH, E-Mail-Adresse: <a href=\"https:\/\/www.laminierfolien.de\/shop\" class=\" escape email\" title=\"E-Mail senden an S2 Laminiertechnik GmbH in 41169 M\u00f6nchengladbach\" data-email='{\"name\":\"kundenservice\",\"host\":\"laminierfolien.de\"}'>kundenservice<span class=\"escape\">&part;<\/span>laminierfolien.de<\/a><\/p><p>Hiermit widerrufe(n) ich\/wir (*) den von mir\/uns (*) abgeschlossenen Vertrag \u00fcber den Kauf der folgenden Waren (*)\/die Erbringung der folgenden Dienstleistung (*)<\/p><p>______________________________________________________<\/p><p>______________________________________________________<\/p><p>Bestellt am (*) ____________ \/ erhalten am (*) _________________<\/p><p>_______________________________________________________ <br>Name des\/der Verbraucher(s)<\/p><p>_______________________________________________________ <br>Anschrift des\/der Verbraucher(s)<\/p><p>_______________________________________________________ <br>Unterschrift des\/der Verbraucher(s) (nur bei Mitteilung auf Papier)<\/p><p>_______________________________________________________ <br>Datum<\/p>\n                                                                                                                        \n                                                            <\/div>\n                    <\/div>\n    <\/div>\n\n","protected":false},"excerpt":{"rendered":"","protected":false},"author":1,"featured_media":0,"parent":0,"menu_order":0,"comment_status":"closed","ping_status":"closed","template":"","meta":{"footnotes":""},"class_list":["post-856","page","type-page","status-publish","hentry"],"acf":[],"_links":{"self":[{"href":"https:\/\/www.laminierfolien.de\/shop\/wp-json\/wp\/v2\/pages\/856","targetHints":{"allow":["GET"]}}],"collection":[{"href":"https:\/\/www.laminierfolien.de\/shop\/wp-json\/wp\/v2\/pages"}],"about":[{"href":"https:\/\/www.laminierfolien.de\/shop\/wp-json\/wp\/v2\/types\/page"}],"author":[{"embeddable":true,"href":"https:\/\/www.laminierfolien.de\/shop\/wp-json\/wp\/v2\/users\/1"}],"replies":[{"embeddable":true,"href":"https:\/\/www.laminierfolien.de\/shop\/wp-json\/wp\/v2\/comments?post=856"}],"version-history":[{"count":2,"href":"https:\/\/www.laminierfolien.de\/shop\/wp-json\/wp\/v2\/pages\/856\/revisions"}],"predecessor-version":[{"id":4526,"href":"https:\/\/www.laminierfolien.de\/shop\/wp-json\/wp\/v2\/pages\/856\/revisions\/4526"}],"wp:attachment":[{"href":"https:\/\/www.laminierfolien.de\/shop\/wp-json\/wp\/v2\/media?parent=856"}],"curies":[{"name":"wp","href":"https:\/\/api.w.org\/{rel}","templated":true}]}}